-- phpMyAdmin SQL Dump
-- version 5.0.2
-- https://www.phpmyadmin.net/
--
-- Host: 127.0.0.1
-- Generation Time: Aug 31, 2021 at 12:12 PM
-- Server version: 10.4.11-MariaDB
-- PHP Version: 7.4.10

SET SQL_MODE = "NO_AUTO_VALUE_ON_ZERO";
START TRANSACTION;
SET time_zone = "+00:00";


/*!40101 SET @OLD_CHARACTER_SET_CLIENT=@@CHARACTER_SET_CLIENT */;
/*!40101 SET @OLD_CHARACTER_SET_RESULTS=@@CHARACTER_SET_RESULTS */;
/*!40101 SET @OLD_COLLATION_CONNECTION=@@COLLATION_CONNECTION */;
/*!40101 SET NAMES utf8mb4 */;

--
-- Database: `amber`
--

-- --------------------------------------------------------

--
-- Table structure for table `category`
--

CREATE TABLE `category` (
  `id` int(11) NOT NULL,
  `name` varchar(255) NOT NULL,
  `featured_img` text NOT NULL
) ENGINE=InnoDB DEFAULT CHARSET=utf8mb4;

--
-- Dumping data for table `category`
--

INSERT INTO `category` (`id`, `name`, `featured_img`) VALUES
(1, 'Office Seating', ''),
(2, 'Dining Cafeteria', ''),
(3, 'Waiting Seating', ''),
(4, 'Lounge Seating', ''),
(5, 'Institutional', ''),
(6, 'Auditorium', ''),
(7, 'Multi-use Seating', ''),
(8, 'Accessories', '');

-- --------------------------------------------------------

--
-- Table structure for table `product`
--

CREATE TABLE `product` (
  `id` int(11) NOT NULL,
  `subcategory_id` int(11) NOT NULL,
  `name` varchar(255) NOT NULL,
  `description` text NOT NULL,
  `featured_img` text NOT NULL,
  `catalogue_url` text NOT NULL
) ENGINE=InnoDB DEFAULT CHARSET=utf8mb4;

--
-- Dumping data for table `product`
--

INSERT INTO `product` (`id`, `subcategory_id`, `name`, `description`, `featured_img`, `catalogue_url`) VALUES
(1, 1, 'Majestic', '', 'product_images/office_seating/swivel_chairs/majestic/majestic(1).jpg', ''),
(2, 1, 'Dignity', '', 'product_images/office_seating/swivel_chairs/dignity/dignity(1).jpg', ''),
(3, 1, 'Flaunt', '', 'product_images/office_seating/swivel_chairs/flaunt/flaunt(1).jpg', ''),
(4, 1, 'Amphora', '', 'product_images/office_seating/swivel_chairs/amphora/amphora(1).jpg', ''),
(5, 1, 'Tenor', '', 'product_images/office_seating/swivel_chairs/tenor/tenor(1).jpg', ''),
(6, 1, 'India Pride', '', 'product_images/office_seating/swivel_chairs/india_pride/india_pride(1).jpg', ''),
(7, 1, 'New Eco', '', 'product_images/office_seating/swivel_chairs/new_eco/new_eco(1).jpg', ''),
(8, 1, 'Slic Premium', '', 'product_images/office_seating/swivel_chairs/slic_premium/slic_premium(1).jpg', ''),
(9, 1, 'Icon, Icon Jute', '', 'product_images/office_seating/swivel_chairs/icon_icon_jute/icon_icon_jute(1).jpg', ''),
(10, 1, 'Slic Exclusive', '', 'product_images/office_seating/swivel_chairs/slic_exclusive/slic_exclusive(1).jpg', ''),
(11, 1, 'Slic Classic', '', 'product_images/office_seating/swivel_chairs/slic_classic/slic_classic(1).jpg', ''),
(12, 1, 'Luxor', '', 'product_images/office_seating/swivel_chairs/luxor/luxor(1).jpg', ''),
(13, 1, 'C2 Plus', '', 'product_images/office_seating/swivel_chairs/c2_plus/c2_plus(1).jpg', ''),
(14, 1, 'C2 Exclusive', '', 'product_images/office_seating/swivel_chairs/c2_exclusive/c2_exclusive(1).jpg', ''),
(15, 1, 'C2', '', 'product_images/office_seating/swivel_chairs/c2/c2(1).jpg', ''),
(16, 1, 'Thin', '', 'product_images/office_seating/swivel_chairs/thin/thin(1).jpg', ''),
(17, 1, 'Ojo', '', 'product_images/office_seating/swivel_chairs/ojo/ojo(1).jpg', ''),
(18, 1, 'Loop', '', 'product_images/office_seating/swivel_chairs/loop/loop(1).jpg', ''),
(19, 1, 'New Itsa', '', 'product_images/office_seating/swivel_chairs/new_itsa/new_itsa(1).jpg', ''),
(20, 1, 'Ace', '', 'product_images/office_seating/swivel_chairs/ace/ace(1).jpg', ''),
(21, 1, 'Aero', '', 'product_images/office_seating/swivel_chairs/aero/aero(1).jpg', ''),
(22, 1, 'Pavo', '', 'product_images/office_seating/swivel_chairs/pavo/pavo(1).jpg', ''),
(23, 1, 'Bio', '', 'product_images/office_seating/swivel_chairs/bio/bio(1).jpg', ''),
(24, 1, 'R', '', 'product_images/office_seating/swivel_chairs/r/r(1).jpg', ''),
(25, 2, 'Thin', '', 'product_images/office_seating/fixed_chairs/thin/thin(1).jpg', ''),
(26, 2, 'Ojo', '', 'product_images/office_seating/fixed_chairs/ojo/ojo(1).jpg', ''),
(27, 2, 'Loop', '', 'product_images/office_seating/fixed_chairs/loop/loop(1).jpg', ''),
(28, 2, 'C2', '', 'product_images/office_seating/fixed_chairs/c2/c2(1).jpg', ''),
(29, 2, 'New Itsa', '', 'product_images/office_seating/fixed_chairs/new_itsa/new_itsa(1).jpg', ''),
(30, 2, 'Ace', '', 'product_images/office_seating/fixed_chairs/ace/ace(1).jpg', ''),
(31, 2, 'Aero', '', 'product_images/office_seating/fixed_chairs/aero/aero(1).jpg', ''),
(32, 2, 'Pavo', '', 'product_images/office_seating/fixed_chairs/pavo/pavo(1).jpg', ''),
(33, 2, 'Bio', '', 'product_images/office_seating/fixed_chairs/bio/bio(1).jpg', ''),
(34, 2, 'R', '', 'product_images/office_seating/fixed_chairs/r/r(1).jpg', ''),
(35, 3, 'Artisan', '', 'product_images/dining_cafeteria/dining_tables/artisan/artisan(1).jpg', ''),
(36, 3, 'Contour', '', 'product_images/dining_cafeteria/dining_tables/contour/contour(1).jpg', ''),
(37, 3, 'Loop', '', 'product_images/dining_cafeteria/dining_tables/loop/loop(1).jpg', ''),
(38, 3, 'Thin', '', 'product_images/dining_cafeteria/dining_tables/thin/thin(1).jpg', ''),
(39, 3, 'Ojo', '', 'product_images/dining_cafeteria/dining_tables/ojo/ojo(1).jpg', ''),
(40, 3, 'Candy', '', 'product_images/dining_cafeteria/dining_tables/candy/candy(1).jpg', ''),
(41, 3, 'Drip', '', 'product_images/dining_cafeteria/dining_tables/drip/drip(1).jpg', ''),
(42, 3, 'Ease', '', 'product_images/dining_cafeteria/dining_tables/ease/ease(1).jpg', ''),
(43, 3, 'Peak', '', 'product_images/dining_cafeteria/dining_tables/peak/peak(1).jpg', ''),
(44, 3, 'Zing', '', 'product_images/dining_cafeteria/dining_tables/zing/zing(1).jpg', ''),
(45, 4, 'Artisan', '', 'product_images/dining_cafeteria/dining_chairs/artisan/artisan(1).jpg', ''),
(46, 4, 'Contour', '', 'product_images/dining_cafeteria/dining_chairs/contour/contour(1).jpg', ''),
(47, 4, 'Loop', '', 'product_images/dining_cafeteria/dining_chairs/loop/loop(1).jpg', ''),
(48, 4, 'Thin', '', 'product_images/dining_cafeteria/dining_chairs/thin/thin(1).jpg', ''),
(49, 4, 'Ojo', '', 'product_images/dining_cafeteria/dining_chairs/ojo/ojo(1).jpg', ''),
(50, 4, 'Candy', '', 'product_images/dining_cafeteria/dining_chairs/candy/candy(1).jpg', ''),
(51, 4, 'Drip', '', 'product_images/dining_cafeteria/dining_chairs/drip/drip(1).jpg', ''),
(52, 4, 'Ease', '', 'product_images/dining_cafeteria/dining_chairs/ease/ease(1).jpg', ''),
(53, 4, 'Socio', '', 'product_images/dining_cafeteria/dining_chairs/socio/socio(1).jpg', ''),
(54, 4, 'Peak', '', 'product_images/dining_cafeteria/dining_chairs/peak/peak(1).jpg', ''),
(55, 4, 'Zing', '', 'product_images/dining_cafeteria/dining_chairs/zing/zing(1).jpg', ''),
(56, 5, 'Stead', '', 'product_images/dining_cafeteria/stools/stead/stead(1).jpg', ''),
(57, 5, 'Concave', '', 'product_images/dining_cafeteria/stools/concave/concave(1).jpg', ''),
(58, 5, 'Circle', '', 'product_images/dining_cafeteria/stools/circle/circle(1).jpg', ''),
(59, 5, 'Verve', '', 'product_images/dining_cafeteria/stools/verve/verve(1).jpg', ''),
(60, 5, 'Verve jute', '', 'product_images/dining_cafeteria/stools/verve_jute/verve_jute(1).jpg', ''),
(61, 5, 'Oval', '', 'product_images/dining_cafeteria/stools/oval/oval(1).jpg', ''),
(62, 5, 'Bend', '', 'product_images/dining_cafeteria/stools/bend/bend(1).jpg', ''),
(63, 5, 'Candy', '', 'product_images/dining_cafeteria/stools/candy/candy(1).jpg', ''),
(64, 5, 'Ease', '', 'product_images/dining_cafeteria/stools/ease/ease(1).jpg', ''),
(65, 5, 'Peak', '', 'product_images/dining_cafeteria/stools/peak/peak(1).jpg', ''),
(66, 5, 'Zing', '', 'product_images/dining_cafeteria/stools/zing/zing(1).jpg', ''),
(67, 5, 'Socio', '', 'product_images/dining_cafeteria/stools/socio/socio(1).jpg', ''),
(68, 6, 'Verve', '', 'product_images/waiting_seating/tandem_seating/verve/verve(1).jpg', ''),
(69, 6, 'Verve jute', '', 'product_images/waiting_seating/tandem_seating/verve_jute/verve_jute(1).jpg', ''),
(70, 6, 'Oval', '', 'product_images/waiting_seating/tandem_seating/oval/oval(1).jpg', ''),
(71, 6, 'Bend', '', 'product_images/waiting_seating/tandem_seating/bend/bend(1).jpg', ''),
(72, 6, 'Contour', '', 'product_images/waiting_seating/tandem_seating/contour/contour(1).jpg', ''),
(73, 6, 'C2', '', 'product_images/waiting_seating/tandem_seating/c2/c2(1).jpg', ''),
(74, 6, 'Thin', '', 'product_images/waiting_seating/tandem_seating/thin/thin(1).jpg', ''),
(75, 6, 'Ojo', '', 'product_images/waiting_seating/tandem_seating/ojo/ojo(1).jpg', ''),
(76, 6, 'Loop', '', 'product_images/waiting_seating/tandem_seating/loop/loop(1).jpg', ''),
(77, 6, 'New Itsa', '', 'product_images/waiting_seating/tandem_seating/new_itsa/new_itsa(1).jpg', ''),
(78, 6, 'Ace', '', 'product_images/waiting_seating/tandem_seating/ace/ace(1).jpg', ''),
(79, 6, 'Aero', '', 'product_images/waiting_seating/tandem_seating/aero/aero(1).jpg', ''),
(80, 6, 'Pavo', '', 'product_images/waiting_seating/tandem_seating/pavo/pavo(1).jpg', ''),
(81, 6, 'R', '', 'product_images/waiting_seating/tandem_seating/r/r(1).jpg', ''),
(82, 6, 'Candy', '', 'product_images/waiting_seating/tandem_seating/candy/candy(1).jpg', ''),
(83, 6, 'Drip', '', 'product_images/waiting_seating/tandem_seating/drip/drip(1).jpg', ''),
(84, 6, 'Ease', '', 'product_images/waiting_seating/tandem_seating/ease/ease(1).jpg', ''),
(85, 6, 'Peak', '', 'product_images/waiting_seating/tandem_seating/peak/peak(1).jpg', ''),
(86, 6, 'Zing', '', 'product_images/waiting_seating/tandem_seating/zing/zing(1).jpg', ''),
(87, 6, 'Socio', '', 'product_images/waiting_seating/tandem_seating/socio/socio(1).jpg', ''),
(88, 6, 'Stead', '', 'product_images/waiting_seating/tandem_seating/stead/stead(1).jpg', ''),
(89, 6, 'Concave', '', 'product_images/waiting_seating/tandem_seating/concave/concave(1).jpg', ''),
(90, 6, 'Circle', '', 'product_images/waiting_seating/tandem_seating/circle/circle(1).jpg', ''),
(91, 6, 'Itsa', '', 'product_images/waiting_seating/tandem_seating/itsa/itsa(1).jpg', ''),
(92, 7, 'Majestic', '', 'product_images/lounge_seating/sofas/majestic/majestic(1).jpg', ''),
(93, 7, 'Dignity', '', 'product_images/lounge_seating/sofas/dignity/dignity(1).jpg', ''),
(94, 7, 'Flaunt', '', 'product_images/lounge_seating/sofas/flaunt/flaunt(1).jpg', ''),
(95, 7, 'Amphora', '', 'product_images/lounge_seating/sofas/amphora/amphora(1).jpg', ''),
(96, 7, 'Tenor', '', 'product_images/lounge_seating/sofas/tenor/tenor(1).jpg', ''),
(97, 7, 'India Pride', '', 'product_images/lounge_seating/sofas/india_pride/india_pride(1).jpg', ''),
(98, 7, 'New Eco', '', 'product_images/lounge_seating/sofas/new_eco/new_eco(1).jpg', ''),
(99, 7, 'Slic Premium', '', 'product_images/lounge_seating/sofas/slic_premium/slic_premium(1).jpg', ''),
(100, 7, 'Slic Exclusive', '', 'product_images/lounge_seating/sofas/slic_exclusive/slic_exclusive(1).jpg', ''),
(101, 7, 'Slic Classic', '', 'product_images/lounge_seating/sofas/slic_classic/slic_classic(1).jpg', ''),
(102, 7, 'Luxor', '', 'product_images/lounge_seating/sofas/luxor/luxor(1).jpg', ''),
(103, 7, 'Icon, Icon jute', '', 'product_images/lounge_seating/sofas/icon_icon_jute/icon_icon_jute(1).jpg', ''),
(104, 7, 'Artisan', '', 'product_images/lounge_seating/sofas/artisan/artisan(1).jpg', ''),
(105, 7, 'C2', '', 'product_images/lounge_seating/sofas/c2/c2(1).jpg', ''),
(106, 7, 'Loop', '', 'product_images/lounge_seating/sofas/loop/loop(1).jpg', ''),
(107, 7, 'Thin', '', 'product_images/lounge_seating/sofas/thin/thin(1).jpg', ''),
(108, 7, 'Ojo', '', 'product_images/lounge_seating/sofas/ojo/ojo(1).jpg', ''),
(109, 7, 'Rugose', '', 'product_images/lounge_seating/sofas/rugose/rugose(1).jpg', ''),
(110, 7, 'Dwell', '', 'product_images/lounge_seating/sofas/dwell/dwell(1).jpg', ''),
(111, 7, 'Lush', '', 'product_images/lounge_seating/sofas/lush/lush(1).jpg', ''),
(112, 7, 'Plica', '', 'product_images/lounge_seating/sofas/plica/plica(1).jpg', ''),
(113, 7, 'Link', '', 'product_images/lounge_seating/sofas/link/link(1).jpg', ''),
(114, 7, 'Vivid', '', 'product_images/lounge_seating/sofas/vivid/vivid(1).jpg', ''),
(115, 7, 'Lush 1', '', 'product_images/lounge_seating/sofas/lush_1/lush_1(1).jpg', ''),
(116, 8, 'Alma', '', 'product_images/institutional/inst_1/alma/alma(1).jpg', ''),
(117, 8, 'Joy', '', 'product_images/institutional/inst_1/joy/joy(1).jpg', ''),
(118, 8, 'Pan', '', 'product_images/institutional/inst_1/pan/pan(1).jpg', ''),
(119, 9, 'Drip', '', 'product_images/institutional/inst_2/drip/drip(1).jpg', ''),
(120, 9, 'Ease', '', 'product_images/institutional/inst_2/ease/ease(1).jpg', ''),
(121, 9, 'Peak', '', 'product_images/institutional/inst_2/peak/peak(1).jpg', ''),
(122, 10, 'Contour', '', 'product_images/auditorium/chairs/contour/contour(1).jpg', ''),
(123, 10, 'C2', '', 'product_images/auditorium/chairs/c2/c2(1).jpg', ''),
(124, 10, 'Loop', '', 'product_images/auditorium/chairs/loop/loop(1).jpg', ''),
(125, 10, 'Pavo', '', 'product_images/auditorium/chairs/pavo/pavo(1).jpg', ''),
(126, 10, 'Pan', '', 'product_images/auditorium/chairs/pan/pan(1).jpg', ''),
(127, 10, 'Vista', '', 'product_images/auditorium/chairs/vista/vista(1).jpg', ''),
(128, 11, 'Contour', '', 'product_images/multiuse_seating/seating/contour/contour(1).jpg', ''),
(129, 11, 'Verve', '', 'product_images/multiuse_seating/seating/verve/verve(1).jpg', ''),
(130, 11, 'Verve jute', '', 'product_images/multiuse_seating/seating/verve_jute/verve_jute(1).jpg', ''),
(131, 11, 'Oval', '', 'product_images/multiuse_seating/seating/oval/oval(1).jpg', ''),
(132, 11, 'Bend', '', 'product_images/multiuse_seating/seating/bend/bend(1).jpg', ''),
(133, 11, 'Candy', '', 'product_images/multiuse_seating/seating/candy/candy(1).jpg', ''),
(134, 11, 'Ease', '', 'product_images/multiuse_seating/seating/ease/ease(1).jpg', ''),
(135, 11, 'Peak', '', 'product_images/multiuse_seating/seating/peak/peak(1).jpg', ''),
(136, 11, 'Zing', '', 'product_images/multiuse_seating/seating/zing/zing(1).jpg', ''),
(137, 11, 'Socio', '', 'product_images/multiuse_seating/seating/socio/socio(1).jpg', ''),
(138, 12, 'Lamps', '', 'product_images/accessories/lamps/lamps/lamps(1).jpg', ''),
(139, 13, 'Panels', '', 'product_images/accessories/panels/panels/panels(1).jpg', '');

-- --------------------------------------------------------

--
-- Table structure for table `product_images`
--

CREATE TABLE `product_images` (
  `id` int(11) NOT NULL,
  `product_id` int(11) NOT NULL,
  `image_url` text NOT NULL
) ENGINE=InnoDB DEFAULT CHARSET=utf8mb4;

--
-- Dumping data for table `product_images`
--

INSERT INTO `product_images` (`id`, `product_id`, `image_url`) VALUES
(1, 1, 'product_images/office_seating/swivel_chairs/majestic/majestic(1).jpg'),
(2, 1, 'product_images/office_seating/swivel_chairs/majestic/majestic(2).jpg'),
(3, 1, 'product_images/office_seating/swivel_chairs/majestic/majestic(3).jpg'),
(4, 1, 'product_images/office_seating/swivel_chairs/majestic/majestic(4).jpg'),
(5, 1, 'product_images/office_seating/swivel_chairs/majestic/majestic(5).jpg'),
(6, 1, 'product_images/office_seating/swivel_chairs/majestic/majestic(6).jpg'),
(7, 1, 'product_images/office_seating/swivel_chairs/majestic/majestic(7).jpg'),
(8, 1, 'product_images/office_seating/swivel_chairs/majestic/majestic(8).jpg'),
(9, 1, 'product_images/office_seating/swivel_chairs/majestic/majestic(9).jpg'),
(10, 2, 'product_images/office_seating/swivel_chairs/dignity/dignity(1).jpg'),
(11, 2, 'product_images/office_seating/swivel_chairs/dignity/dignity(2).jpg'),
(12, 2, 'product_images/office_seating/swivel_chairs/dignity/dignity(3).jpg'),
(13, 2, 'product_images/office_seating/swivel_chairs/dignity/dignity(4).jpg'),
(14, 2, 'product_images/office_seating/swivel_chairs/dignity/dignity(1).jpg'),
(15, 2, 'product_images/office_seating/swivel_chairs/dignity/dignity(5).jpg'),
(16, 2, 'product_images/office_seating/swivel_chairs/dignity/dignity(6).jpg'),
(17, 2, 'product_images/office_seating/swivel_chairs/dignity/dignity(7).jpg'),
(18, 2, 'product_images/office_seating/swivel_chairs/dignity/dignity(8).jpg'),
(19, 3, 'product_images/office_seating/swivel_chairs/flaunt/flaunt(1).jpg'),
(20, 3, 'product_images/office_seating/swivel_chairs/flaunt/flaunt(2).jpg'),
(21, 3, 'product_images/office_seating/swivel_chairs/flaunt/flaunt(3).jpg'),
(22, 3, 'product_images/office_seating/swivel_chairs/flaunt/flaunt(4).jpg'),
(23, 3, 'product_images/office_seating/swivel_chairs/flaunt/flaunt(5).jpg'),
(24, 3, 'product_images/office_seating/swivel_chairs/flaunt/flaunt(6).jpg'),
(25, 3, 'product_images/office_seating/swivel_chairs/flaunt/flaunt(7).jpg'),
(26, 4, 'product_images/office_seating/swivel_chairs/amphora/amphora(1).jpg'),
(27, 4, 'product_images/office_seating/swivel_chairs/amphora/amphora(2).jpg'),
(28, 4, 'product_images/office_seating/swivel_chairs/amphora/amphora(3).jpg'),
(29, 4, 'product_images/office_seating/swivel_chairs/amphora/amphora(4).jpg'),
(30, 4, 'product_images/office_seating/swivel_chairs/amphora/amphora(5).jpg'),
(31, 4, 'product_images/office_seating/swivel_chairs/amphora/amphora(6).jpg'),
(32, 4, 'product_images/office_seating/swivel_chairs/amphora/amphora(7).jpg'),
(33, 4, 'product_images/office_seating/swivel_chairs/amphora/amphora(8).jpg'),
(34, 4, 'product_images/office_seating/swivel_chairs/amphora/amphora(9).jpg'),
(35, 5, 'product_images/office_seating/swivel_chairs/tenor/tenor(1).jpg'),
(36, 5, 'product_images/office_seating/swivel_chairs/tenor/tenor(2).jpg'),
(37, 5, 'product_images/office_seating/swivel_chairs/tenor/tenor(3).jpg'),
(38, 5, 'product_images/office_seating/swivel_chairs/tenor/tenor(4).jpg'),
(39, 5, 'product_images/office_seating/swivel_chairs/tenor/tenor(5).jpg'),
(40, 5, 'product_images/office_seating/swivel_chairs/tenor/tenor(6).jpg'),
(41, 5, 'product_images/office_seating/swivel_chairs/tenor/tenor(7).jpg'),
(42, 5, 'product_images/office_seating/swivel_chairs/tenor/tenor(8).jpg'),
(43, 5, 'product_images/office_seating/swivel_chairs/tenor/tenor(9).jpg'),
(44, 6, 'product_images/office_seating/swivel_chairs/india_pride/india_pride(1).jpg'),
(45, 6, 'product_images/office_seating/swivel_chairs/india_pride/india_pride(2).jpg'),
(46, 6, 'product_images/office_seating/swivel_chairs/india_pride/india_pride(3).jpg'),
(47, 6, 'product_images/office_seating/swivel_chairs/india_pride/india_pride(4).jpg'),
(48, 6, 'product_images/office_seating/swivel_chairs/india_pride/india_pride(5).jpg'),
(49, 6, 'product_images/office_seating/swivel_chairs/india_pride/india_pride(6).jpg'),
(50, 6, 'product_images/office_seating/swivel_chairs/india_pride/india_pride(7).jpg'),
(51, 6, 'product_images/office_seating/swivel_chairs/india_pride/india_pride(8).jpg'),
(52, 6, 'product_images/office_seating/swivel_chairs/india_pride/india_pride(9).jpg'),
(53, 7, 'product_images/office_seating/swivel_chairs/new_eco/new_eco(1).jpg'),
(54, 7, 'product_images/office_seating/swivel_chairs/new_eco/new_eco(2).jpg'),
(55, 7, 'product_images/office_seating/swivel_chairs/new_eco/new_eco(3).jpg'),
(56, 7, 'product_images/office_seating/swivel_chairs/new_eco/new_eco(4).jpg'),
(57, 7, 'product_images/office_seating/swivel_chairs/new_eco/new_eco(5).jpg'),
(58, 7, 'product_images/office_seating/swivel_chairs/new_eco/new_eco(6).jpg'),
(59, 7, 'product_images/office_seating/swivel_chairs/new_eco/new_eco(7).jpg'),
(60, 7, 'product_images/office_seating/swivel_chairs/new_eco/new_eco(8).jpg'),
(61, 8, 'product_images/office_seating/swivel_chairs/slic_premium/slic_premium(1).jpg'),
(62, 8, 'product_images/office_seating/swivel_chairs/slic_premium/slic_premium(2).jpg'),
(63, 8, 'product_images/office_seating/swivel_chairs/slic_premium/slic_premium(3).jpg'),
(64, 8, 'product_images/office_seating/swivel_chairs/slic_premium/slic_premium(4).jpg'),
(65, 8, 'product_images/office_seating/swivel_chairs/slic_premium/slic_premium(5).jpg'),
(66, 8, 'product_images/office_seating/swivel_chairs/slic_premium/slic_premium(6).jpg'),
(67, 8, 'product_images/office_seating/swivel_chairs/slic_premium/slic_premium(7).jpg'),
(68, 8, 'product_images/office_seating/swivel_chairs/slic_premium/slic_premium(8).jpg'),
(69, 9, 'product_images/office_seating/swivel_chairs/icon_icon_jute/icon_icon_jute(1).jpg'),
(70, 9, 'product_images/office_seating/swivel_chairs/icon_icon_jute/icon_icon_jute(2).jpg'),
(71, 9, 'product_images/office_seating/swivel_chairs/icon_icon_jute/icon_icon_jute(3).jpg'),
(72, 9, 'product_images/office_seating/swivel_chairs/icon_icon_jute/icon_icon_jute(4).jpg'),
(73, 9, 'product_images/office_seating/swivel_chairs/icon_icon_jute/icon_icon_jute(5).jpg'),
(74, 9, 'product_images/office_seating/swivel_chairs/icon_icon_jute/icon_icon_jute(6).jpg'),
(75, 9, 'product_images/office_seating/swivel_chairs/icon_icon_jute/icon_icon_jute(7).jpg'),
(76, 9, 'product_images/office_seating/swivel_chairs/icon_icon_jute/icon_icon_jute(8).jpg'),
(77, 9, 'product_images/office_seating/swivel_chairs/icon_icon_jute/icon_icon_jute(9).jpg'),
(78, 9, 'product_images/office_seating/swivel_chairs/icon_icon_jute/icon_icon_jute(10).jpg'),
(79, 10, 'product_images/office_seating/swivel_chairs/slic_exclusive/slic_exclusive(1).jpg'),
(80, 10, 'product_images/office_seating/swivel_chairs/slic_exclusive/slic_exclusive(2).jpg'),
(81, 10, 'product_images/office_seating/swivel_chairs/slic_exclusive/slic_exclusive(3).jpg'),
(82, 10, 'product_images/office_seating/swivel_chairs/slic_exclusive/slic_exclusive(4).jpg'),
(83, 10, 'product_images/office_seating/swivel_chairs/slic_exclusive/slic_exclusive(5).jpg'),
(84, 10, 'product_images/office_seating/swivel_chairs/slic_exclusive/slic_exclusive(6).jpg'),
(85, 10, 'product_images/office_seating/swivel_chairs/slic_exclusive/slic_exclusive(7).jpg'),
(86, 10, 'product_images/office_seating/swivel_chairs/slic_exclusive/slic_exclusive(8).jpg'),
(87, 10, 'product_images/office_seating/swivel_chairs/slic_exclusive/slic_exclusive(9).jpg'),
(88, 10, 'product_images/office_seating/swivel_chairs/slic_exclusive/slic_exclusive(10).jpg'),
(89, 10, 'product_images/office_seating/swivel_chairs/slic_exclusive/slic_exclusive(11).jpg'),
(90, 10, 'product_images/office_seating/swivel_chairs/slic_exclusive/slic_exclusive(12).jpg'),
(91, 10, 'product_images/office_seating/swivel_chairs/slic_exclusive/slic_exclusive(13).jpg'),
(92, 10, 'product_images/office_seating/swivel_chairs/slic_exclusive/slic_exclusive(14).jpg'),
(93, 10, 'product_images/office_seating/swivel_chairs/slic_exclusive/slic_exclusive(15).jpg'),
(94, 11, 'product_images/office_seating/swivel_chairs/slic_classic/slic_classic(1).jpg'),
(95, 11, 'product_images/office_seating/swivel_chairs/slic_classic/slic_classic(2).jpg'),
(96, 11, 'product_images/office_seating/swivel_chairs/slic_classic/slic_classic(3).jpg'),
(97, 11, 'product_images/office_seating/swivel_chairs/slic_classic/slic_classic(4).jpg'),
(98, 11, 'product_images/office_seating/swivel_chairs/slic_classic/slic_classic(5).jpg'),
(99, 11, 'product_images/office_seating/swivel_chairs/slic_classic/slic_classic(6).jpg'),
(100, 11, 'product_images/office_seating/swivel_chairs/slic_classic/slic_classic(7).jpg'),
(101, 11, 'product_images/office_seating/swivel_chairs/slic_classic/slic_classic(8).jpg'),
(102, 12, 'product_images/office_seating/swivel_chairs/luxor/luxor(1).jpg'),
(103, 12, 'product_images/office_seating/swivel_chairs/luxor/luxor(2).jpg'),
(104, 12, 'product_images/office_seating/swivel_chairs/luxor/luxor(3).jpg'),
(105, 12, 'product_images/office_seating/swivel_chairs/luxor/luxor(4).jpg'),
(106, 12, 'product_images/office_seating/swivel_chairs/luxor/luxor(5).jpg'),
(107, 12, 'product_images/office_seating/swivel_chairs/luxor/luxor(6).jpg'),
(108, 12, 'product_images/office_seating/swivel_chairs/luxor/luxor(7).jpg'),
(109, 12, 'product_images/office_seating/swivel_chairs/luxor/luxor(8).jpg'),
(110, 13, 'product_images/office_seating/swivel_chairs/c2_plus/c2_plus(1).jpg'),
(111, 13, 'product_images/office_seating/swivel_chairs/c2_plus/c2_plus(2).jpg'),
(112, 13, 'product_images/office_seating/swivel_chairs/c2_plus/c2_plus(3).jpg'),
(113, 13, 'product_images/office_seating/swivel_chairs/c2_plus/c2_plus(4).jpg'),
(114, 13, 'product_images/office_seating/swivel_chairs/c2_plus/c2_plus(5).jpg'),
(115, 13, 'product_images/office_seating/swivel_chairs/c2_plus/c2_plus(6).jpg'),
(116, 13, 'product_images/office_seating/swivel_chairs/c2_plus/c2_plus(7).jpg'),
(117, 13, 'product_images/office_seating/swivel_chairs/c2_plus/c2_plus(8).jpg'),
(118, 14, 'product_images/office_seating/swivel_chairs/c2_exclusive/c2_exclusive(1).jpg'),
(119, 15, 'product_images/office_seating/swivel_chairs/c2/c2(1).jpg'),
(120, 15, 'product_images/office_seating/swivel_chairs/c2/c2(2).jpg'),
(121, 15, 'product_images/office_seating/swivel_chairs/c2/c2(3).jpg'),
(122, 15, 'product_images/office_seating/swivel_chairs/c2/c2(4).jpg'),
(123, 15, 'product_images/office_seating/swivel_chairs/c2/c2(5).jpg'),
(124, 15, 'product_images/office_seating/swivel_chairs/c2/c2(6).jpg'),
(125, 15, 'product_images/office_seating/swivel_chairs/c2/c2(7).jpg'),
(126, 15, 'product_images/office_seating/swivel_chairs/c2/c2(8).jpg'),
(127, 15, 'product_images/office_seating/swivel_chairs/c2/c2(9).jpg'),
(128, 15, 'product_images/office_seating/swivel_chairs/c2/c2(10).jpg'),
(129, 16, 'product_images/office_seating/swivel_chairs/thin/thin(1).jpg'),
(130, 16, 'product_images/office_seating/swivel_chairs/thin/thin(2).jpg'),
(131, 16, 'product_images/office_seating/swivel_chairs/thin/thin(3).jpg'),
(132, 16, 'product_images/office_seating/swivel_chairs/thin/thin(4).jpg'),
(133, 16, 'product_images/office_seating/swivel_chairs/thin/thin(5).jpg'),
(134, 16, 'product_images/office_seating/swivel_chairs/thin/thin(6).jpg'),
(135, 16, 'product_images/office_seating/swivel_chairs/thin/thin(7).jpg'),
(136, 16, 'product_images/office_seating/swivel_chairs/thin/thin(8).jpg'),
(137, 16, 'product_images/office_seating/swivel_chairs/thin/thin(9).jpg'),
(138, 16, 'product_images/office_seating/swivel_chairs/thin/thin(10).jpg'),
(139, 16, 'product_images/office_seating/swivel_chairs/thin/thin(11).jpg'),
(140, 17, 'product_images/office_seating/swivel_chairs/ojo/ojo(1).jpg'),
(141, 17, 'product_images/office_seating/swivel_chairs/ojo/ojo(2).jpg'),
(142, 17, 'product_images/office_seating/swivel_chairs/ojo/ojo(3).jpg'),
(143, 17, 'product_images/office_seating/swivel_chairs/ojo/ojo(4).jpg'),
(144, 17, 'product_images/office_seating/swivel_chairs/ojo/ojo(5).jpg'),
(145, 17, 'product_images/office_seating/swivel_chairs/ojo/ojo(6).jpg'),
(146, 17, 'product_images/office_seating/swivel_chairs/ojo/ojo(7).jpg'),
(147, 17, 'product_images/office_seating/swivel_chairs/ojo/ojo(8).jpg'),
(148, 17, 'product_images/office_seating/swivel_chairs/ojo/ojo(9).jpg'),
(149, 17, 'product_images/office_seating/swivel_chairs/ojo/ojo(10).jpg'),
(150, 17, 'product_images/office_seating/swivel_chairs/ojo/ojo(11).jpg'),
(151, 18, 'product_images/office_seating/swivel_chairs/loop/loop(1).jpg'),
(152, 18, 'product_images/office_seating/swivel_chairs/loop/loop(2).jpg'),
(153, 18, 'product_images/office_seating/swivel_chairs/loop/loop(3).jpg'),
(154, 18, 'product_images/office_seating/swivel_chairs/loop/loop(4).jpg'),
(155, 18, 'product_images/office_seating/swivel_chairs/loop/loop(5).jpg'),
(156, 18, 'product_images/office_seating/swivel_chairs/loop/loop(6).jpg'),
(157, 18, 'product_images/office_seating/swivel_chairs/loop/loop(7).jpg'),
(158, 18, 'product_images/office_seating/swivel_chairs/loop/loop(8).jpg'),
(159, 18, 'product_images/office_seating/swivel_chairs/loop/loop(9).jpg'),
(160, 18, 'product_images/office_seating/swivel_chairs/loop/loop(10).jpg'),
(161, 18, 'product_images/office_seating/swivel_chairs/loop/loop(11).jpg'),
(162, 18, 'product_images/office_seating/swivel_chairs/loop/loop(12).jpg'),
(163, 18, 'product_images/office_seating/swivel_chairs/loop/loop(13).jpg'),
(164, 18, 'product_images/office_seating/swivel_chairs/loop/loop(14).jpg'),
(165, 19, 'product_images/office_seating/swivel_chairs/new_itsa/new_itsa(1).jpg'),
(166, 19, 'product_images/office_seating/swivel_chairs/new_itsa/new_itsa(2).jpg'),
(167, 19, 'product_images/office_seating/swivel_chairs/new_itsa/new_itsa(3).jpg'),
(168, 19, 'product_images/office_seating/swivel_chairs/new_itsa/new_itsa(4).jpg'),
(169, 19, 'product_images/office_seating/swivel_chairs/new_itsa/new_itsa(5).jpg'),
(170, 19, 'product_images/office_seating/swivel_chairs/new_itsa/new_itsa(6).jpg'),
(171, 19, 'product_images/office_seating/swivel_chairs/new_itsa/new_itsa(7).jpg'),
(172, 19, 'product_images/office_seating/swivel_chairs/new_itsa/new_itsa(8).jpg'),
(173, 19, 'product_images/office_seating/swivel_chairs/new_itsa/new_itsa(9).jpg'),
(174, 20, 'product_images/office_seating/swivel_chairs/ace/ace(1).jpg'),
(175, 20, 'product_images/office_seating/swivel_chairs/ace/ace(2).jpg'),
(176, 20, 'product_images/office_seating/swivel_chairs/ace/ace(3).jpg'),
(177, 20, 'product_images/office_seating/swivel_chairs/ace/ace(4).jpg'),
(178, 20, 'product_images/office_seating/swivel_chairs/ace/ace(5).jpg'),
(179, 20, 'product_images/office_seating/swivel_chairs/ace/ace(6).jpg'),
(180, 20, 'product_images/office_seating/swivel_chairs/ace/ace(7).jpg'),
(181, 20, 'product_images/office_seating/swivel_chairs/ace/ace(8).jpg'),
(182, 20, 'product_images/office_seating/swivel_chairs/ace/ace(9).jpg'),
(183, 21, 'product_images/office_seating/swivel_chairs/aero/aero(1).jpg'),
(184, 21, 'product_images/office_seating/swivel_chairs/aero/aero(2).jpg'),
(185, 21, 'product_images/office_seating/swivel_chairs/aero/aero(3).jpg'),
(186, 21, 'product_images/office_seating/swivel_chairs/aero/aero(4).jpg'),
(187, 21, 'product_images/office_seating/swivel_chairs/aero/aero(5).jpg'),
(188, 21, 'product_images/office_seating/swivel_chairs/aero/aero(6).jpg'),
(189, 21, 'product_images/office_seating/swivel_chairs/aero/aero(7).jpg'),
(190, 21, 'product_images/office_seating/swivel_chairs/aero/aero(8).jpg'),
(191, 21, 'product_images/office_seating/swivel_chairs/aero/aero(9).jpg'),
(192, 22, 'product_images/office_seating/swivel_chairs/pavo/pavo(1).jpg'),
(193, 22, 'product_images/office_seating/swivel_chairs/pavo/pavo(2).jpg'),
(194, 22, 'product_images/office_seating/swivel_chairs/pavo/pavo(3).jpg'),
(195, 22, 'product_images/office_seating/swivel_chairs/pavo/pavo(4).jpg'),
(196, 22, 'product_images/office_seating/swivel_chairs/pavo/pavo(5).jpg'),
(197, 22, 'product_images/office_seating/swivel_chairs/pavo/pavo(6).jpg'),
(198, 22, 'product_images/office_seating/swivel_chairs/pavo/pavo(7).jpg'),
(199, 22, 'product_images/office_seating/swivel_chairs/pavo/pavo(8).jpg'),
(200, 22, 'product_images/office_seating/swivel_chairs/pavo/pavo(9).jpg'),
(201, 22, 'product_images/office_seating/swivel_chairs/pavo/pavo(10).jpg'),
(202, 23, 'product_images/office_seating/swivel_chairs/bio/bio(1).jpg'),
(203, 23, 'product_images/office_seating/swivel_chairs/bio/bio(2).jpg'),
(204, 23, 'product_images/office_seating/swivel_chairs/bio/bio(3).jpg'),
(205, 23, 'product_images/office_seating/swivel_chairs/bio/bio(4).jpg'),
(206, 23, 'product_images/office_seating/swivel_chairs/bio/bio(5).jpg'),
(207, 23, 'product_images/office_seating/swivel_chairs/bio/bio(6).jpg'),
(208, 23, 'product_images/office_seating/swivel_chairs/bio/bio(7).jpg'),
(209, 23, 'product_images/office_seating/swivel_chairs/bio/bio(8).jpg'),
(210, 23, 'product_images/office_seating/swivel_chairs/bio/bio(9).jpg'),
(211, 23, 'product_images/office_seating/swivel_chairs/bio/bio(10).jpg'),
(212, 24, 'product_images/office_seating/swivel_chairs/r/r(1).jpg'),
(213, 24, 'product_images/office_seating/swivel_chairs/r/r(2).jpg'),
(214, 24, 'product_images/office_seating/swivel_chairs/r/r(3).jpg'),
(215, 24, 'product_images/office_seating/swivel_chairs/r/r(4).jpg'),
(216, 24, 'product_images/office_seating/swivel_chairs/r/r(5).jpg'),
(217, 24, 'product_images/office_seating/swivel_chairs/r/r(6).jpg'),
(218, 24, 'product_images/office_seating/swivel_chairs/r/r(7).jpg'),
(219, 24, 'product_images/office_seating/swivel_chairs/r/r(8).jpg'),
(220, 24, 'product_images/office_seating/swivel_chairs/r/r(9).jpg'),
(221, 24, 'product_images/office_seating/swivel_chairs/r/r(10).jpg'),
(222, 25, 'product_images/office_seating/fixed_chairs/thin/thin(1).jpg'),
(223, 25, 'product_images/office_seating/fixed_chairs/thin/thin(2).jpg'),
(224, 25, 'product_images/office_seating/fixed_chairs/thin/thin(3).jpg'),
(225, 25, 'product_images/office_seating/fixed_chairs/thin/thin(4).jpg'),
(226, 26, 'product_images/office_seating/fixed_chairs/ojo/ojo(1).jpg'),
(227, 26, 'product_images/office_seating/fixed_chairs/ojo/ojo(2).jpg'),
(228, 26, 'product_images/office_seating/fixed_chairs/ojo/ojo(3).jpg'),
(229, 27, 'product_images/office_seating/fixed_chairs/loop/loop(1).jpg'),
(230, 27, 'product_images/office_seating/fixed_chairs/loop/loop(2).jpg'),
(231, 27, 'product_images/office_seating/fixed_chairs/loop/loop(3).jpg'),
(232, 28, 'product_images/office_seating/fixed_chairs/c2/c2(1).jpg'),
(233, 28, 'product_images/office_seating/fixed_chairs/c2/c2(2).jpg'),
(234, 28, 'product_images/office_seating/fixed_chairs/c2/c2(3).jpg'),
(235, 29, 'product_images/office_seating/fixed_chairs/new_itsa/new_itsa(1).jpg'),
(236, 29, 'product_images/office_seating/fixed_chairs/new_itsa/new_itsa(1).jpg'),
(237, 29, 'product_images/office_seating/fixed_chairs/new_itsa/new_itsa(1).jpg'),
(238, 30, 'product_images/office_seating/fixed_chairs/ace/ace(1).jpg'),
(239, 30, 'product_images/office_seating/fixed_chairs/ace/ace(2).jpg'),
(240, 30, 'product_images/office_seating/fixed_chairs/ace/ace(3).jpg'),
(241, 31, 'product_images/office_seating/fixed_chairs/aero/aero(1).jpg'),
(242, 31, 'product_images/office_seating/fixed_chairs/aero/aero(2).jpg'),
(243, 31, 'product_images/office_seating/fixed_chairs/aero/aero(3).jpg'),
(244, 32, 'product_images/office_seating/fixed_chairs/pavo/pavo(1).jpg'),
(245, 32, 'product_images/office_seating/fixed_chairs/pavo/pavo(2).jpg'),
(246, 32, 'product_images/office_seating/fixed_chairs/pavo/pavo(3).jpg'),
(247, 33, 'product_images/office_seating/fixed_chairs/bio/bio(1).jpg'),
(248, 33, 'product_images/office_seating/fixed_chairs/bio/bio(2).jpg'),
(249, 33, 'product_images/office_seating/fixed_chairs/bio/bio(3).jpg'),
(250, 34, 'product_images/office_seating/fixed_chairs/r/r(1).jpg'),
(251, 34, 'product_images/office_seating/fixed_chairs/r/r(2).jpg'),
(252, 34, 'product_images/office_seating/fixed_chairs/r/r(3).jpg'),
(253, 35, 'product_images/dining_cafeteria/dining_chairs/artisan/artisan(1).jpg'),
(254, 35, 'product_images/dining_cafeteria/dining_chairs/artisan/artisan(2).jpg'),
(255, 36, 'product_images/dining_cafeteria/dining_chairs/contour/contour(1).jpg'),
(256, 36, 'product_images/dining_cafeteria/dining_chairs/contour/contour(2).jpg'),
(257, 37, 'product_images/dining_cafeteria/dining_chairs/loop/loop(1).jpg'),
(258, 37, 'product_images/dining_cafeteria/dining_chairs/loop/loop(2).jpg'),
(259, 38, 'product_images/dining_cafeteria/dining_chairs/thin/thin(1).jpg'),
(260, 38, 'product_images/dining_cafeteria/dining_chairs/thin/thin(2).jpg'),
(261, 39, 'product_images/dining_cafeteria/dining_chairs/ojo/ojo(1).jpg'),
(262, 39, 'product_images/dining_cafeteria/dining_chairs/ojo/ojo(2).jpg'),
(263, 40, 'product_images/dining_cafeteria/dining_chairs/candy/candy(1).jpg'),
(264, 40, 'product_images/dining_cafeteria/dining_chairs/candy/candy(2).jpg'),
(265, 40, 'product_images/dining_cafeteria/dining_chairs/candy/candy(3).jpg'),
(266, 41, 'product_images/dining_cafeteria/dining_chairs/drip/drip(1).jpg'),
(267, 41, 'product_images/dining_cafeteria/dining_chairs/drip/drip(2).jpg'),
(268, 41, 'product_images/dining_cafeteria/dining_chairs/drip/drip(3).jpg'),
(269, 42, 'product_images/dining_cafeteria/dining_chairs/ease/ease(1).jpg'),
(270, 42, 'product_images/dining_cafeteria/dining_chairs/ease/ease(2).jpg'),
(271, 43, 'product_images/dining_cafeteria/dining_chairs/peak/peak(1).jpg'),
(272, 43, 'product_images/dining_cafeteria/dining_chairs/peak/peak(2).jpg'),
(273, 44, 'product_images/dining_cafeteria/dining_chairs/zing/zing(1).jpg'),
(274, 44, 'product_images/dining_cafeteria/dining_chairs/zing/zing(2).jpg'),
(275, 45, 'product_images/dining_cafeteria/dining_chairs/artisan/artisan(1).jpg'),
(276, 45, 'product_images/dining_cafeteria/dining_chairs/artisan/artisan(2).jpg'),
(277, 45, 'product_images/dining_cafeteria/dining_chairs/artisan/artisan(3).jpg'),
(278, 45, 'product_images/dining_cafeteria/dining_chairs/artisan/artisan(4).jpg'),
(279, 45, 'product_images/dining_cafeteria/dining_chairs/artisan/artisan(5).jpg'),
(280, 45, 'product_images/dining_cafeteria/dining_chairs/artisan/artisan(6).jpg'),
(281, 45, 'product_images/dining_cafeteria/dining_chairs/artisan/artisan(7).jpg'),
(282, 45, 'product_images/dining_cafeteria/dining_chairs/artisan/artisan(8).jpg'),
(283, 45, 'product_images/dining_cafeteria/dining_chairs/artisan/artisan(9).jpg'),
(284, 45, 'product_images/dining_cafeteria/dining_chairs/artisan/artisan(10).jpg'),
(285, 45, 'product_images/dining_cafeteria/dining_chairs/artisan/artisan(11).jpg'),
(286, 45, 'product_images/dining_cafeteria/dining_chairs/artisan/artisan(12).jpg'),
(287, 46, 'product_images/dining_cafeteria/dining_chairs/contour/contour(1).jpg'),
(288, 46, 'product_images/dining_cafeteria/dining_chairs/contour/contour(2).jpg'),
(289, 46, 'product_images/dining_cafeteria/dining_chairs/contour/contour(3).jpg'),
(290, 46, 'product_images/dining_cafeteria/dining_chairs/contour/contour(4).jpg'),
(291, 46, 'product_images/dining_cafeteria/dining_chairs/contour/contour(5).jpg'),
(292, 47, 'product_images/dining_cafeteria/dining_chairs/loop/loop(1).jpg'),
(293, 47, 'product_images/dining_cafeteria/dining_chairs/loop/loop(2).jpg'),
(294, 47, 'product_images/dining_cafeteria/dining_chairs/loop/loop(3).jpg'),
(295, 47, 'product_images/dining_cafeteria/dining_chairs/loop/loop(4).jpg'),
(296, 48, 'product_images/dining_cafeteria/dining_chairs/thin/thin(1).jpg'),
(297, 48, 'product_images/dining_cafeteria/dining_chairs/thin/thin(2).jpg'),
(298, 48, 'product_images/dining_cafeteria/dining_chairs/thin/thin(3).jpg'),
(299, 48, 'product_images/dining_cafeteria/dining_chairs/thin/thin(4).jpg'),
(300, 49, 'product_images/dining_cafeteria/dining_chairs/ojo/ojo(1).jpg'),
(301, 49, 'product_images/dining_cafeteria/dining_chairs/ojo/ojo(2).jpg'),
(302, 49, 'product_images/dining_cafeteria/dining_chairs/ojo/ojo(3).jpg'),
(303, 49, 'product_images/dining_cafeteria/dining_chairs/ojo/ojo(4).jpg'),
(304, 50, 'product_images/dining_cafeteria/dining_chairs/candy/candy(1).jpg'),
(305, 50, 'product_images/dining_cafeteria/dining_chairs/candy/candy(2).jpg'),
(306, 50, 'product_images/dining_cafeteria/dining_chairs/candy/candy(3).jpg'),
(307, 50, 'product_images/dining_cafeteria/dining_chairs/candy/candy(4).jpg'),
(308, 50, 'product_images/dining_cafeteria/dining_chairs/candy/candy(5).jpg'),
(309, 51, 'product_images/dining_cafeteria/dining_chairs/drip/drip(1).jpg'),
(310, 51, 'product_images/dining_cafeteria/dining_chairs/drip/drip(2).jpg'),
(311, 51, 'product_images/dining_cafeteria/dining_chairs/drip/drip(3).jpg'),
(312, 51, 'product_images/dining_cafeteria/dining_chairs/drip/drip(4).jpg'),
(313, 51, 'product_images/dining_cafeteria/dining_chairs/drip/drip(5).jpg'),
(314, 51, 'product_images/dining_cafeteria/dining_chairs/drip/drip(6).jpg'),
(315, 51, 'product_images/dining_cafeteria/dining_chairs/drip/drip(7).jpg'),
(316, 52, 'product_images/dining_cafeteria/dining_chairs/ease/ease(1).jpg'),
(317, 52, 'product_images/dining_cafeteria/dining_chairs/ease/ease(2).jpg'),
(318, 52, 'product_images/dining_cafeteria/dining_chairs/ease/ease(3).jpg'),
(319, 52, 'product_images/dining_cafeteria/dining_chairs/ease/ease(4).jpg'),
(320, 53, 'product_images/dining_cafeteria/dining_chairs/socio/socio(1).jpg'),
(321, 53, 'product_images/dining_cafeteria/dining_chairs/socio/socio(2).jpg'),
(322, 53, 'product_images/dining_cafeteria/dining_chairs/socio/socio(3).jpg'),
(323, 53, 'product_images/dining_cafeteria/dining_chairs/socio/socio(4).jpg'),
(324, 54, 'product_images/dining_cafeteria/dining_chairs/peak/peak(1).jpg'),
(325, 54, 'product_images/dining_cafeteria/dining_chairs/peak/peak(2).jpg'),
(326, 54, 'product_images/dining_cafeteria/dining_chairs/peak/peak(3).jpg'),
(327, 55, 'product_images/dining_cafeteria/dining_chairs/zing/zing(1).jpg'),
(328, 55, 'product_images/dining_cafeteria/dining_chairs/zing/zing(2).jpg'),
(329, 55, 'product_images/dining_cafeteria/dining_chairs/zing/zing(3).jpg'),
(330, 56, 'product_images/dining_cafeteria/stools/stead/stead(1).jpg'),
(331, 56, 'product_images/dining_cafeteria/stools/stead/stead(2).jpg'),
(332, 56, 'product_images/dining_cafeteria/stools/stead/stead(3).jpg'),
(333, 56, 'product_images/dining_cafeteria/stools/stead/stead(4).jpg'),
(334, 56, 'product_images/dining_cafeteria/stools/stead/stead(5).jpg'),
(335, 57, 'product_images/dining_cafeteria/stools/concave/concave(1).jpg'),
(336, 57, 'product_images/dining_cafeteria/stools/concave/concave(2).jpg'),
(337, 57, 'product_images/dining_cafeteria/stools/concave/concave(3).jpg'),
(338, 57, 'product_images/dining_cafeteria/stools/concave/concave(4).jpg'),
(339, 58, 'product_images/dining_cafeteria/stools/circle/circle(1).jpg'),
(340, 58, 'product_images/dining_cafeteria/stools/circle/circle(2).jpg'),
(341, 58, 'product_images/dining_cafeteria/stools/circle/circle(3).jpg'),
(342, 58, 'product_images/dining_cafeteria/stools/circle/circle(4).jpg'),
(343, 58, 'product_images/dining_cafeteria/stools/circle/circle(5).jpg'),
(344, 58, 'product_images/dining_cafeteria/stools/circle/circle(6).jpg'),
(345, 59, 'product_images/dining_cafeteria/stools/verve/verve(1).jpg'),
(346, 60, 'product_images/dining_cafeteria/stools/verve_jute/verve_jute(1).jpg'),
(347, 61, 'product_images/dining_cafeteria/stools/oval/oval(1).jpg'),
(348, 62, 'product_images/dining_cafeteria/stools/bend/bend(1).jpg'),
(349, 63, 'product_images/dining_cafeteria/stools/candy/candy(1).jpg'),
(350, 64, 'product_images/dining_cafeteria/stools/ease/ease(1).jpg'),
(351, 65, 'product_images/dining_cafeteria/stools/peak/peak(1).jpg'),
(352, 66, 'product_images/dining_cafeteria/stools/zing/zing(1).jpg'),
(353, 67, 'product_images/dining_cafeteria/stools/socio/socio(1).jpg'),
(354, 68, 'product_images/waiting_seating/tandom_seating/verve/verve(1).jpg'),
(355, 68, 'product_images/waiting_seating/tandom_seating/verve/verve(2).jpg'),
(356, 69, 'product_images/waiting_seating/tandom_seating/verve_jute/verve_jute(1).jpg'),
(357, 69, 'product_images/waiting_seating/tandom_seating/verve_jute/verve_jute(2).jpg'),
(358, 70, 'product_images/waiting_seating/tandom_seating/oval/oval(1).jpg'),
(359, 70, 'product_images/waiting_seating/tandom_seating/oval/oval(2).jpg'),
(360, 71, 'product_images/waiting_seating/tandom_seating/bend/bend(1).jpg'),
(361, 71, 'product_images/waiting_seating/tandom_seating/bend/bend(2).jpg'),
(362, 72, 'product_images/waiting_seating/tandom_seating/contour/contour(1).jpg'),
(363, 72, 'product_images/waiting_seating/tandom_seating/contour/contour(2).jpg'),
(364, 72, 'product_images/waiting_seating/tandom_seating/contour/contour(3).jpg'),
(365, 73, 'product_images/waiting_seating/tandom_seating/c2/c2(1).jpg'),
(366, 73, 'product_images/waiting_seating/tandom_seating/c2/c2(2).jpg'),
(367, 73, 'product_images/waiting_seating/tandom_seating/c2/c2(3).jpg'),
(368, 74, 'product_images/waiting_seating/tandom_seating/thin/thin(1).jpg'),
(369, 74, 'product_images/waiting_seating/tandom_seating/thin/thin(2).jpg'),
(370, 75, 'product_images/waiting_seating/tandom_seating/ojo/ojo(1).jpg'),
(371, 75, 'product_images/waiting_seating/tandom_seating/ojo/ojo(2).jpg'),
(372, 76, 'product_images/waiting_seating/tandom_seating/loop/loop(1).jpg'),
(373, 76, 'product_images/waiting_seating/tandom_seating/loop/loop(2).jpg'),
(374, 77, 'product_images/waiting_seating/tandom_seating/new_itsa/new_itsa(1).jpg'),
(375, 77, 'product_images/waiting_seating/tandom_seating/new_itsa/new_itsa(2).jpg'),
(376, 78, 'product_images/waiting_seating/tandom_seating/ace/ace(1).jpg'),
(377, 78, 'product_images/waiting_seating/tandom_seating/ace/ace(2).jpg'),
(378, 79, 'product_images/waiting_seating/tandom_seating/aero/aero(1).jpg'),
(379, 79, 'product_images/waiting_seating/tandom_seating/aero/aero(2).jpg'),
(380, 80, 'product_images/waiting_seating/tandom_seating/pavo/pavo(1).jpg'),
(381, 80, 'product_images/waiting_seating/tandom_seating/pavo/pavo(2).jpg'),
(382, 81, 'product_images/waiting_seating/tandom_seating/r/r(1).jpg'),
(383, 81, 'product_images/waiting_seating/tandom_seating/r/r(2).jpg'),
(384, 82, 'product_images/waiting_seating/tandom_seating/candy/candy(1).jpg'),
(385, 82, 'product_images/waiting_seating/tandom_seating/candy/candy(2).jpg'),
(386, 82, 'product_images/waiting_seating/tandom_seating/candy/candy(3).jpg'),
(387, 82, 'product_images/waiting_seating/tandom_seating/candy/candy(4).jpg'),
(388, 83, 'product_images/waiting_seating/tandom_seating/drip/drip(1).jpg'),
(389, 84, 'product_images/waiting_seating/tandom_seating/ease/ease(1).jpg'),
(390, 84, 'product_images/waiting_seating/tandom_seating/ease/ease(2).jpg'),
(391, 85, 'product_images/waiting_seating/tandom_seating/peak/peak(1).jpg'),
(392, 85, 'product_images/waiting_seating/tandom_seating/peak/peak(2).jpg'),
(393, 86, 'product_images/waiting_seating/tandom_seating/zing/zing(1).jpg'),
(394, 86, 'product_images/waiting_seating/tandom_seating/zing/zing(2).jpg'),
(395, 87, 'product_images/waiting_seating/tandom_seating/socio/socio(1).jpg'),
(396, 88, 'product_images/waiting_seating/tandom_seating/stead/stead(1).jpg'),
(397, 88, 'product_images/waiting_seating/tandom_seating/stead/stead(2).jpg'),
(398, 89, 'product_images/waiting_seating/tandom_seating/concave/concave(1).jpg'),
(399, 89, 'product_images/waiting_seating/tandom_seating/concave/concave(2).jpg'),
(400, 90, 'product_images/waiting_seating/tandom_seating/circle/circle(1).jpg'),
(401, 90, 'product_images/waiting_seating/tandom_seating/circle/circle(2).jpg'),
(402, 91, 'product_images/waiting_seating/tandom_seating/itsa/itsa(1).jpg'),
(403, 91, 'product_images/waiting_seating/tandom_seating/itsa/itsa(2).jpg'),
(404, 92, 'product_images/lounge_seating/sofas/majestic/majestic(1).jpg'),
(405, 92, 'product_images/lounge_seating/sofas/majestic/majestic(2).jpg'),
(406, 92, 'product_images/lounge_seating/sofas/majestic/majestic(3).jpg'),
(407, 92, 'product_images/lounge_seating/sofas/majestic/majestic(4).jpg'),
(408, 92, 'product_images/lounge_seating/sofas/majestic/majestic(5).jpg'),
(409, 92, 'product_images/lounge_seating/sofas/majestic/majestic(6).jpg'),
(410, 92, 'product_images/lounge_seating/sofas/majestic/majestic(7).jpg'),
(411, 93, 'product_images/lounge_seating/sofas/dignity/dignity(1).jpg'),
(412, 93, 'product_images/lounge_seating/sofas/dignity/dignity(2).jpg'),
(413, 93, 'product_images/lounge_seating/sofas/dignity/dignity(3).jpg'),
(414, 93, 'product_images/lounge_seating/sofas/dignity/dignity(4).jpg'),
(415, 93, 'product_images/lounge_seating/sofas/dignity/dignity(5).jpg'),
(416, 93, 'product_images/lounge_seating/sofas/dignity/dignity(6).jpg'),
(417, 93, 'product_images/lounge_seating/sofas/dignity/dignity(7).jpg'),
(418, 94, 'product_images/lounge_seating/sofas/flaunt/flaunt(1).jpg'),
(419, 94, 'product_images/lounge_seating/sofas/flaunt/flaunt(2).jpg'),
(420, 94, 'product_images/lounge_seating/sofas/flaunt/flaunt(3).jpg'),
(421, 94, 'product_images/lounge_seating/sofas/flaunt/flaunt(4).jpg'),
(422, 94, 'product_images/lounge_seating/sofas/flaunt/flaunt(5).jpg'),
(423, 94, 'product_images/lounge_seating/sofas/flaunt/flaunt(6).jpg'),
(424, 94, 'product_images/lounge_seating/sofas/flaunt/flaunt(7).jpg'),
(425, 95, 'product_images/lounge_seating/sofas/amphora/amphora(1).jpg'),
(426, 95, 'product_images/lounge_seating/sofas/amphora/amphora(2).jpg'),
(427, 95, 'product_images/lounge_seating/sofas/amphora/amphora(3).jpg'),
(428, 95, 'product_images/lounge_seating/sofas/amphora/amphora(4).jpg'),
(429, 95, 'product_images/lounge_seating/sofas/amphora/amphora(5).jpg'),
(430, 95, 'product_images/lounge_seating/sofas/amphora/amphora(6).jpg'),
(431, 95, 'product_images/lounge_seating/sofas/amphora/amphora(7).jpg'),
(432, 96, 'product_images/lounge_seating/sofas/tenor/tenor(1).jpg'),
(433, 96, 'product_images/lounge_seating/sofas/tenor/tenor(2).jpg'),
(434, 96, 'product_images/lounge_seating/sofas/tenor/tenor(3).jpg'),
(435, 96, 'product_images/lounge_seating/sofas/tenor/tenor(4).jpg'),
(436, 96, 'product_images/lounge_seating/sofas/tenor/tenor(5).jpg'),
(437, 96, 'product_images/lounge_seating/sofas/tenor/tenor(6).jpg'),
(438, 96, 'product_images/lounge_seating/sofas/tenor/tenor(7).jpg'),
(439, 97, 'product_images/lounge_seating/sofas/india_pride/india_pride(1).jpg'),
(440, 97, 'product_images/lounge_seating/sofas/india_pride/india_pride(2).jpg'),
(441, 97, 'product_images/lounge_seating/sofas/india_pride/india_pride(3).jpg'),
(442, 97, 'product_images/lounge_seating/sofas/india_pride/india_pride(4).jpg'),
(443, 97, 'product_images/lounge_seating/sofas/india_pride/india_pride(5).jpg'),
(444, 97, 'product_images/lounge_seating/sofas/india_pride/india_pride(6).jpg'),
(445, 97, 'product_images/lounge_seating/sofas/india_pride/india_pride(7).jpg'),
(446, 98, 'product_images/lounge_seating/sofas/new_eco/new_eco(1).jpg'),
(447, 98, 'product_images/lounge_seating/sofas/new_eco/new_eco(2).jpg'),
(448, 98, 'product_images/lounge_seating/sofas/new_eco/new_eco(3).jpg'),
(449, 98, 'product_images/lounge_seating/sofas/new_eco/new_eco(4).jpg'),
(450, 98, 'product_images/lounge_seating/sofas/new_eco/new_eco(5).jpg'),
(451, 98, 'product_images/lounge_seating/sofas/new_eco/new_eco(6).jpg'),
(452, 99, 'product_images/lounge_seating/sofas/slic_premium/slic_premium(1).jpg'),
(453, 99, 'product_images/lounge_seating/sofas/slic_premium/slic_premium(2).jpg'),
(454, 99, 'product_images/lounge_seating/sofas/slic_premium/slic_premium(3).jpg'),
(455, 99, 'product_images/lounge_seating/sofas/slic_premium/slic_premium(4).jpg'),
(456, 99, 'product_images/lounge_seating/sofas/slic_premium/slic_premium(5).jpg'),
(457, 99, 'product_images/lounge_seating/sofas/slic_premium/slic_premium(6).jpg'),
(458, 100, 'product_images/lounge_seating/sofas/slic_exclusive/slic_exclusive(1).jpg'),
(459, 100, 'product_images/lounge_seating/sofas/slic_exclusive/slic_exclusive(2).jpg'),
(460, 100, 'product_images/lounge_seating/sofas/slic_exclusive/slic_exclusive(3).jpg'),
(461, 100, 'product_images/lounge_seating/sofas/slic_exclusive/slic_exclusive(4).jpg'),
(462, 100, 'product_images/lounge_seating/sofas/slic_exclusive/slic_exclusive(5).jpg'),
(463, 100, 'product_images/lounge_seating/sofas/slic_exclusive/slic_exclusive(6).jpg'),
(464, 101, 'product_images/lounge_seating/sofas/slic_classic/slic_classic(1).jpg'),
(465, 101, 'product_images/lounge_seating/sofas/slic_classic/slic_classic(2).jpg'),
(466, 101, 'product_images/lounge_seating/sofas/slic_classic/slic_classic(3).jpg'),
(467, 101, 'product_images/lounge_seating/sofas/slic_classic/slic_classic(4).jpg'),
(468, 101, 'product_images/lounge_seating/sofas/slic_classic/slic_classic(5).jpg'),
(469, 101, 'product_images/lounge_seating/sofas/slic_classic/slic_classic(6).jpg'),
(470, 102, 'product_images/lounge_seating/sofas/luxor/luxor(1).jpg'),
(471, 102, 'product_images/lounge_seating/sofas/luxor/luxor(2).jpg'),
(472, 102, 'product_images/lounge_seating/sofas/luxor/luxor(3).jpg'),
(473, 102, 'product_images/lounge_seating/sofas/luxor/luxor(4).jpg'),
(474, 102, 'product_images/lounge_seating/sofas/luxor/luxor(5).jpg'),
(475, 102, 'product_images/lounge_seating/sofas/luxor/luxor(6).jpg'),
(476, 103, 'product_images/lounge_seating/sofas/icon_icon_jute/icon_icon_jute(1).jpg'),
(477, 103, 'product_images/lounge_seating/sofas/icon_icon_jute/icon_icon_jute(2).jpg'),
(478, 103, 'product_images/lounge_seating/sofas/icon_icon_jute/icon_icon_jute(3).jpg'),
(479, 103, 'product_images/lounge_seating/sofas/icon_icon_jute/icon_icon_jute(4).jpg'),
(480, 103, 'product_images/lounge_seating/sofas/icon_icon_jute/icon_icon_jute(5).jpg'),
(481, 103, 'product_images/lounge_seating/sofas/icon_icon_jute/icon_icon_jute(6).jpg'),
(482, 103, 'product_images/lounge_seating/sofas/icon_icon_jute/icon_icon_jute(7).jpg'),
(483, 103, 'product_images/lounge_seating/sofas/icon_icon_jute/icon_icon_jute(8).jpg'),
(484, 103, 'product_images/lounge_seating/sofas/icon_icon_jute/icon_icon_jute(9).jpg'),
(485, 103, 'product_images/lounge_seating/sofas/icon_icon_jute/icon_icon_jute(10).jpg'),
(486, 103, 'product_images/lounge_seating/sofas/icon_icon_jute/icon_icon_jute(11).jpg'),
(487, 104, 'product_images/lounge_seating/sofas/artisan/artisan(1).jpg'),
(488, 104, 'product_images/lounge_seating/sofas/artisan/artisan(2).jpg'),
(489, 104, 'product_images/lounge_seating/sofas/artisan/artisan(3).jpg'),
(490, 104, 'product_images/lounge_seating/sofas/artisan/artisan(4).jpg'),
(491, 104, 'product_images/lounge_seating/sofas/artisan/artisan(5).jpg'),
(492, 104, 'product_images/lounge_seating/sofas/artisan/artisan(6).jpg'),
(493, 104, 'product_images/lounge_seating/sofas/artisan/artisan(7).jpg'),
(494, 104, 'product_images/lounge_seating/sofas/artisan/artisan(8).jpg'),
(495, 105, 'product_images/lounge_seating/sofas/c2/c2(1).jpg'),
(496, 105, 'product_images/lounge_seating/sofas/c2/c2(2).jpg'),
(497, 105, 'product_images/lounge_seating/sofas/c2/c2(3).jpg'),
(498, 105, 'product_images/lounge_seating/sofas/c2/c2(4).jpg'),
(499, 105, 'product_images/lounge_seating/sofas/c2/c2(5).jpg'),
(500, 105, 'product_images/lounge_seating/sofas/c2/c2(6).jpg'),
(501, 106, 'product_images/lounge_seating/sofas/loop/loop(1).jpg'),
(502, 106, 'product_images/lounge_seating/sofas/loop/loop(2).jpg'),
(503, 106, 'product_images/lounge_seating/sofas/loop/loop(3).jpg'),
(504, 106, 'product_images/lounge_seating/sofas/loop/loop(4).jpg'),
(505, 106, 'product_images/lounge_seating/sofas/loop/loop(5).jpg'),
(506, 106, 'product_images/lounge_seating/sofas/loop/loop(6).jpg'),
(507, 107, 'product_images/lounge_seating/sofas/thin/thin(1).jpg'),
(508, 107, 'product_images/lounge_seating/sofas/thin/thin(2).jpg'),
(509, 107, 'product_images/lounge_seating/sofas/thin/thin(3).jpg'),
(510, 107, 'product_images/lounge_seating/sofas/thin/thin(4).jpg'),
(511, 107, 'product_images/lounge_seating/sofas/thin/thin(5).jpg'),
(512, 108, 'product_images/lounge_seating/sofas/ojo/ojo(1).jpg'),
(513, 108, 'product_images/lounge_seating/sofas/ojo/ojo(2).jpg'),
(514, 108, 'product_images/lounge_seating/sofas/ojo/ojo(3).jpg'),
(515, 108, 'product_images/lounge_seating/sofas/ojo/ojo(4).jpg'),
(516, 108, 'product_images/lounge_seating/sofas/ojo/ojo(5).jpg'),
(517, 108, 'product_images/lounge_seating/sofas/ojo/ojo(6).jpg'),
(518, 109, 'product_images/lounge_seating/sofas/rugose/rugose(1).jpg'),
(519, 109, 'product_images/lounge_seating/sofas/rugose/rugose(2).jpg'),
(520, 109, 'product_images/lounge_seating/sofas/rugose/rugose(3).jpg'),
(521, 109, 'product_images/lounge_seating/sofas/rugose/rugose(4).jpg'),
(522, 109, 'product_images/lounge_seating/sofas/rugose/rugose(5).jpg'),
(523, 109, 'product_images/lounge_seating/sofas/rugose/rugose(6).jpg'),
(524, 109, 'product_images/lounge_seating/sofas/rugose/rugose(7).jpg'),
(525, 109, 'product_images/lounge_seating/sofas/rugose/rugose(8).jpg'),
(526, 110, 'product_images/lounge_seating/sofas/dwell/dwell(1).jpg'),
(527, 110, 'product_images/lounge_seating/sofas/dwell/dwell(2).jpg'),
(528, 110, 'product_images/lounge_seating/sofas/dwell/dwell(3).jpg'),
(529, 110, 'product_images/lounge_seating/sofas/dwell/dwell(4).jpg'),
(530, 110, 'product_images/lounge_seating/sofas/dwell/dwell(5).jpg'),
(531, 110, 'product_images/lounge_seating/sofas/dwell/dwell(6).jpg'),
(532, 110, 'product_images/lounge_seating/sofas/dwell/dwell(7).jpg'),
(533, 110, 'product_images/lounge_seating/sofas/dwell/dwell(8).jpg'),
(534, 111, 'product_images/lounge_seating/sofas/lush/lush(1).jpg'),
(535, 111, 'product_images/lounge_seating/sofas/lush/lush(2).jpg'),
(536, 111, 'product_images/lounge_seating/sofas/lush/lush(3).jpg'),
(537, 111, 'product_images/lounge_seating/sofas/lush/lush(4).jpg'),
(538, 111, 'product_images/lounge_seating/sofas/lush/lush(5).jpg'),
(539, 111, 'product_images/lounge_seating/sofas/lush/lush(6).jpg'),
(540, 111, 'product_images/lounge_seating/sofas/lush/lush(7).jpg'),
(541, 111, 'product_images/lounge_seating/sofas/lush/lush(8).jpg'),
(542, 112, 'product_images/lounge_seating/sofas/plica/plica(1).jpg'),
(543, 112, 'product_images/lounge_seating/sofas/plica/plica(2).jpg'),
(544, 112, 'product_images/lounge_seating/sofas/plica/plica(3).jpg'),
(545, 112, 'product_images/lounge_seating/sofas/plica/plica(4).jpg'),
(546, 112, 'product_images/lounge_seating/sofas/plica/plica(5).jpg'),
(547, 112, 'product_images/lounge_seating/sofas/plica/plica(6).jpg'),
(548, 112, 'product_images/lounge_seating/sofas/plica/plica(7).jpg'),
(549, 112, 'product_images/lounge_seating/sofas/plica/plica(8).jpg'),
(550, 113, 'product_images/lounge_seating/sofas/link/link(1).jpg'),
(551, 113, 'product_images/lounge_seating/sofas/link/link(2).jpg'),
(552, 113, 'product_images/lounge_seating/sofas/link/link(3).jpg'),
(553, 113, 'product_images/lounge_seating/sofas/link/link(4).jpg'),
(554, 113, 'product_images/lounge_seating/sofas/link/link(5).jpg'),
(555, 113, 'product_images/lounge_seating/sofas/link/link(6).jpg'),
(556, 113, 'product_images/lounge_seating/sofas/link/link(7).jpg'),
(557, 113, 'product_images/lounge_seating/sofas/link/link(8).jpg'),
(558, 114, 'product_images/lounge_seating/sofas/vivid/vivid(1).jpg'),
(559, 114, 'product_images/lounge_seating/sofas/vivid/vivid(2).jpg'),
(560, 114, 'product_images/lounge_seating/sofas/vivid/vivid(3).jpg'),
(561, 114, 'product_images/lounge_seating/sofas/vivid/vivid(4).jpg'),
(562, 114, 'product_images/lounge_seating/sofas/vivid/vivid(5).jpg'),
(563, 114, 'product_images/lounge_seating/sofas/vivid/vivid(6).jpg'),
(564, 114, 'product_images/lounge_seating/sofas/vivid/vivid(7).jpg'),
(565, 114, 'product_images/lounge_seating/sofas/vivid/vivid(8).jpg'),
(566, 115, 'product_images/lounge_seating/sofas/lush/lush_1(1).jpg'),
(567, 115, 'product_images/lounge_seating/sofas/lush/lush_1(2).jpg'),
(568, 115, 'product_images/lounge_seating/sofas/lush/lush_1(3).jpg'),
(569, 115, 'product_images/lounge_seating/sofas/lush/lush_1(4).jpg'),
(570, 115, 'product_images/lounge_seating/sofas/lush/lush_1(5).jpg'),
(571, 115, 'product_images/lounge_seating/sofas/lush/lush_1(6).jpg'),
(572, 115, 'product_images/lounge_seating/sofas/lush/lush_1(7).jpg'),
(573, 115, 'product_images/lounge_seating/sofas/lush/lush_1(8).jpg'),
(574, 116, 'product_images/institutional/inst_1/alma/alma(1).jpg'),
(575, 116, 'product_images/institutional/inst_1/alma/alma(2).jpg'),
(576, 116, 'product_images/institutional/inst_1/alma/alma(3).jpg'),
(577, 116, 'product_images/institutional/inst_1/alma/alma(4).jpg'),
(578, 117, 'product_images/institutional/inst_1/joy/joy(1).jpg'),
(579, 117, 'product_images/institutional/inst_1/joy/joy(2).jpg'),
(580, 117, 'product_images/institutional/inst_1/joy/joy(3).jpg'),
(581, 117, 'product_images/institutional/inst_1/joy/joy(4).jpg'),
(582, 117, 'product_images/institutional/inst_1/joy/joy(5).jpg'),
(583, 117, 'product_images/institutional/inst_1/joy/joy(6).jpg'),
(584, 117, 'product_images/institutional/inst_1/joy/joy(7).jpg'),
(585, 117, 'product_images/institutional/inst_1/joy/joy(8).jpg'),
(586, 117, 'product_images/institutional/inst_1/joy/joy(9).jpg'),
(587, 117, 'product_images/institutional/inst_1/joy/joy(10).jpg'),
(588, 118, 'product_images/institutional/inst_1/pan/pan(1).jpg'),
(589, 118, 'product_images/institutional/inst_1/pan/pan(2).jpg'),
(590, 118, 'product_images/institutional/inst_1/pan/pan(3).jpg'),
(591, 118, 'product_images/institutional/inst_1/pan/pan(4).jpg'),
(592, 119, 'product_images/institutional/inst_2/drip/drip(1).jpg'),
(593, 119, 'product_images/institutional/inst_2/drip/drip(2).jpg'),
(594, 119, 'product_images/institutional/inst_2/drip/drip(3).jpg'),
(595, 119, 'product_images/institutional/inst_2/drip/drip(4).jpg'),
(596, 120, 'product_images/institutional/inst_2/ease/ease(1).jpg'),
(597, 120, 'product_images/institutional/inst_2/ease/ease(2).jpg'),
(598, 120, 'product_images/institutional/inst_2/ease/ease(3).jpg'),
(599, 120, 'product_images/institutional/inst_2/ease/ease(4).jpg'),
(600, 121, 'product_images/institutional/inst_2/peak/peak(1).jpg'),
(601, 121, 'product_images/institutional/inst_2/peak/peak(2).jpg'),
(602, 121, 'product_images/institutional/inst_2/peak/peak(3).jpg'),
(603, 121, 'product_images/institutional/inst_2/peak/peak(4).jpg'),
(604, 122, 'product_images/auditorium/chairs/contour/contour(1).jpg'),
(605, 122, 'product_images/auditorium/chairs/contour/contour(2).jpg'),
(606, 122, 'product_images/auditorium/chairs/contour/contour(3).jpg'),
(607, 122, 'product_images/auditorium/chairs/contour/contour(4).jpg'),
(608, 123, 'product_images/auditorium/chairs/c2/c2(1).jpg'),
(609, 123, 'product_images/auditorium/chairs/c2/c2(2).jpg'),
(610, 123, 'product_images/auditorium/chairs/c2/c2(3).jpg'),
(611, 123, 'product_images/auditorium/chairs/c2/c2(4).jpg'),
(612, 123, 'product_images/auditorium/chairs/c2/c2(5).jpg'),
(613, 123, 'product_images/auditorium/chairs/c2/c2(6).jpg'),
(614, 124, 'product_images/auditorium/chairs/loop/loop(1).jpg'),
(615, 124, 'product_images/auditorium/chairs/loop/loop(2).jpg'),
(616, 124, 'product_images/auditorium/chairs/loop/loop(3).jpg'),
(617, 124, 'product_images/auditorium/chairs/loop/loop(4).jpg'),
(618, 124, 'product_images/auditorium/chairs/loop/loop(5).jpg'),
(619, 124, 'product_images/auditorium/chairs/loop/loop(6).jpg'),
(620, 125, 'product_images/auditorium/chairs/pavo/pavo(1).jpg'),
(621, 125, 'product_images/auditorium/chairs/pavo/pavo(2).jpg'),
(622, 125, 'product_images/auditorium/chairs/pavo/pavo(3).jpg'),
(623, 125, 'product_images/auditorium/chairs/pavo/pavo(4).jpg'),
(624, 125, 'product_images/auditorium/chairs/pavo/pavo(5).jpg'),
(625, 126, 'product_images/auditorium/chairs/pan/pan(1).jpg'),
(626, 126, 'product_images/auditorium/chairs/pan/pan(2).jpg'),
(627, 126, 'product_images/auditorium/chairs/pan/pan(3).jpg'),
(628, 126, 'product_images/auditorium/chairs/pan/pan(4).jpg'),
(629, 126, 'product_images/auditorium/chairs/pan/pan(5).jpg'),
(630, 126, 'product_images/auditorium/chairs/pan/pan(6).jpg'),
(631, 127, 'product_images/auditorium/chairs/vista/vista(1).jpg'),
(632, 127, 'product_images/auditorium/chairs/vista/vista(2).jpg'),
(633, 127, 'product_images/auditorium/chairs/vista/vista(3).jpg'),
(634, 127, 'product_images/auditorium/chairs/vista/vista(4).jpg'),
(635, 127, 'product_images/auditorium/chairs/vista/vista(5).jpg'),
(636, 127, 'product_images/auditorium/chairs/vista/vista(6).jpg'),
(637, 128, 'product_images/multiuse_seating/seating/contour/contour(1).jpg'),
(638, 128, 'product_images/multiuse_seating/seating/contour/contour(2).jpg'),
(639, 128, 'product_images/multiuse_seating/seating/contour/contour(3).jpg'),
(640, 128, 'product_images/multiuse_seating/seating/contour/contour(4).jpg'),
(641, 128, 'product_images/multiuse_seating/seating/contour/contour(5).jpg'),
(642, 128, 'product_images/multiuse_seating/seating/contour/contour(6).jpg'),
(643, 128, 'product_images/multiuse_seating/seating/contour/contour(7).jpg'),
(644, 128, 'product_images/multiuse_seating/seating/contour/contour(8).jpg'),
(645, 128, 'product_images/multiuse_seating/seating/contour/contour(9).jpg'),
(646, 129, 'product_images/multiuse_seating/seating/verve/verve(1).jpg'),
(647, 129, 'product_images/multiuse_seating/seating/verve/verve(2).jpg'),
(648, 129, 'product_images/multiuse_seating/seating/verve/verve(3).jpg'),
(649, 129, 'product_images/multiuse_seating/seating/verve/verve(4).jpg'),
(650, 129, 'product_images/multiuse_seating/seating/verve/verve(5).jpg'),
(651, 130, 'product_images/multiuse_seating/seating/verve_jute/verve_jute(1).jpg'),
(652, 130, 'product_images/multiuse_seating/seating/verve_jute/verve_jute(2).jpg'),
(653, 130, 'product_images/multiuse_seating/seating/verve_jute/verve_jute(3).jpg'),
(654, 130, 'product_images/multiuse_seating/seating/verve_jute/verve_jute(4).jpg'),
(655, 130, 'product_images/multiuse_seating/seating/verve_jute/verve_jute(5).jpg'),
(656, 131, 'product_images/multiuse_seating/seating/oval/oval(1).jpg'),
(657, 131, 'product_images/multiuse_seating/seating/oval/oval(2).jpg'),
(658, 131, 'product_images/multiuse_seating/seating/oval/oval(3).jpg'),
(659, 131, 'product_images/multiuse_seating/seating/oval/oval(4).jpg'),
(660, 131, 'product_images/multiuse_seating/seating/oval/oval(5).jpg'),
(661, 132, 'product_images/multiuse_seating/seating/bend/bend(1).jpg'),
(662, 132, 'product_images/multiuse_seating/seating/bend/bend(2).jpg'),
(663, 132, 'product_images/multiuse_seating/seating/bend/bend(3).jpg'),
(664, 132, 'product_images/multiuse_seating/seating/bend/bend(4).jpg'),
(665, 132, 'product_images/multiuse_seating/seating/bend/bend(5).jpg'),
(666, 133, 'product_images/multiuse_seating/seating/candy/candy(1).jpg'),
(667, 134, 'product_images/multiuse_seating/seating/ease/ease(1).jpg'),
(668, 135, 'product_images/multiuse_seating/seating/peak/peak(1).jpg'),
(669, 136, 'product_images/multiuse_seating/seating/zing/zing(1).jpg'),
(670, 137, 'product_images/multiuse_seating/seating/socio/socio(1).jpg'),
(671, 137, 'product_images/multiuse_seating/seating/socio/socio(2).jpg'),
(672, 138, 'product_images/accessories/lamps/lamps/lamps(1).jpg'),
(673, 138, 'product_images/accessories/lamps/lamps/lamps(2).jpg'),
(674, 138, 'product_images/accessories/lamps/lamps/lamps(3).jpg'),
(675, 138, 'product_images/accessories/lamps/lamps/lamps(4).jpg'),
(676, 138, 'product_images/accessories/lamps/lamps/lamps(5).jpg'),
(677, 139, 'product_images/accessories/panels/panels/panels(1).jpg');
INSERT INTO `product_images` (`id`, `product_id`, `image_url`) VALUES
(678, 139, 'product_images/accessories/panels/panels/panels(2).jpg'),
(679, 139, 'product_images/accessories/panels/panels/panels(3).jpg'),
(680, 139, 'product_images/accessories/panels/panels/panels(4).jpg'),
(681, 139, 'product_images/accessories/panels/panels/panels(5).jpg'),
(682, 139, 'product_images/accessories/panels/panels/panels(6).jpg'),
(683, 139, 'product_images/accessories/panels/panels/panels(7).jpg');

-- --------------------------------------------------------

--
-- Table structure for table `sub_category`
--

CREATE TABLE `sub_category` (
  `id` int(11) NOT NULL,
  `category_id` int(11) NOT NULL,
  `name` varchar(255) NOT NULL,
  `featured_img` text NOT NULL
) ENGINE=InnoDB DEFAULT CHARSET=utf8mb4;

--
-- Dumping data for table `sub_category`
--

INSERT INTO `sub_category` (`id`, `category_id`, `name`, `featured_img`) VALUES
(1, 1, 'Swivel Chairs', 'product_images/office_seating/swivel_chairs/majestic/majestic(1).jpg'),
(2, 1, 'Fixed Chairs', 'product_images/office_seating/fixed_chairs/thin/thin(1).jpg'),
(3, 2, 'Dining Tables', 'product_images/dining_cafeteria/dining_tables/artisan/artisan(1).jpg'),
(4, 2, 'Dining Chairs', 'product_images/dining_cafeteria/dining_chairs/artisan/artisan(1).jpg'),
(5, 2, 'Stools', 'product_images/dining_cafeteria/stools/stead/stead(1).jpg'),
(6, 3, 'Tandem Seating', 'product_images/waiting_seating/tandem_seating/verve/verve(1).jpg'),
(7, 4, 'Sofas', 'product_images/lounge_seating/sofas/majestic/majestic(1).jpg'),
(8, 5, 'Inst_1', 'product_images/institutional/inst_1/alma/alma(1).jpg'),
(9, 5, 'Inst_2', 'product_images/institutional/inst_2/drip/drip(1).jpg'),
(10, 6, 'Chairs', 'product_images/auditorium/chairs/contour/contour(1).jpg'),
(11, 7, 'Seating', 'product_images/multiuse_seating/seating/contour/contour(1).jpg'),
(12, 8, 'Lamps', 'product_images/accessories/lamps/lamps/lamps(1).jpg'),
(13, 8, 'Panels', 'product_images/accessories/panels/panels/panels(1).jpg');

--
-- Indexes for dumped tables
--

--
-- Indexes for table `category`
--
ALTER TABLE `category`
  ADD PRIMARY KEY (`id`);

--
-- Indexes for table `product`
--
ALTER TABLE `product`
  ADD PRIMARY KEY (`id`),
  ADD KEY `subcategory_id` (`subcategory_id`);

--
-- Indexes for table `product_images`
--
ALTER TABLE `product_images`
  ADD PRIMARY KEY (`id`),
  ADD KEY `product_id` (`product_id`);

--
-- Indexes for table `sub_category`
--
ALTER TABLE `sub_category`
  ADD PRIMARY KEY (`id`),
  ADD KEY `category_id` (`category_id`);

--
-- AUTO_INCREMENT for dumped tables
--

--
-- AUTO_INCREMENT for table `category`
--
ALTER TABLE `category`
  MODIFY `id` int(11) NOT NULL AUTO_INCREMENT, AUTO_INCREMENT=9;

--
-- AUTO_INCREMENT for table `product`
--
ALTER TABLE `product`
  MODIFY `id` int(11) NOT NULL AUTO_INCREMENT, AUTO_INCREMENT=140;

--
-- AUTO_INCREMENT for table `product_images`
--
ALTER TABLE `product_images`
  MODIFY `id` int(11) NOT NULL AUTO_INCREMENT, AUTO_INCREMENT=684;

--
-- AUTO_INCREMENT for table `sub_category`
--
ALTER TABLE `sub_category`
  MODIFY `id` int(11) NOT NULL AUTO_INCREMENT, AUTO_INCREMENT=14;

--
-- Constraints for dumped tables
--

--
-- Constraints for table `product`
--
ALTER TABLE `product`
  ADD CONSTRAINT `product_ibfk_1` FOREIGN KEY (`subcategory_id`) REFERENCES `sub_category` (`id`);

--
-- Constraints for table `product_images`
--
ALTER TABLE `product_images`
  ADD CONSTRAINT `product_images_ibfk_1` FOREIGN KEY (`product_id`) REFERENCES `product` (`id`);

--
-- Constraints for table `sub_category`
--
ALTER TABLE `sub_category`
  ADD CONSTRAINT `sub_category_ibfk_1` FOREIGN KEY (`category_id`) REFERENCES `category` (`id`);
COMMIT;

/*!40101 SET CHARACTER_SET_CLIENT=@OLD_CHARACTER_SET_CLIENT */;
/*!40101 SET CHARACTER_SET_RESULTS=@OLD_CHARACTER_SET_RESULTS */;
/*!40101 SET COLLATION_CONNECTION=@OLD_COLLATION_CONNECTION */;
